487
What are the prime factors of 19825?
5, 13, 61
What are the prime factors of 421506?
2, 3, 23417
List the prime factors of 202579.
13, 15583
What are the prime factors of 25978579?
11, 43, 4993
List the prime factors of 8829045.
3, 5, 196201
List the prime factors of 72028.
2, 11, 1637
What are the prime factors of 608830?
2, 5, 107, 569
What are the prime factors of 887231?
277, 3203
List the prime factors of 244051.
109, 2239
What are the prime factors of 2102156?
2, 7, 193, 389
List the prime factors of 591646.
2, 11, 26893
List the prime factors of 944940.
2, 3, 5, 15749
What are the prime factors of 349861?
271, 1291
List the prime factors of 135068.
2, 33767
What are the prime factors of 6833939?
7, 19, 51383
What are the prime factors of 19152485?
5, 11, 31657
List the prime factors of 457032.
2, 3, 137, 139
What are the prime factors of 6187720?
2, 5, 7, 11, 41
List the prime factors of 910617.
3, 303539
What are the prime factors of 2015610?
2, 3, 5, 67187
What are the prime factors of 81941?
67, 1223
What are the prime factors of 2266239?
3, 755413
What are the prime factors of 671118?
2, 3, 7, 19, 29
List the prime factors of 30390673.
1181, 25733
List the prime factors of 99113.
7, 14159
List the prime factors of 2565355.
5, 13, 61, 647
What are the prime factors of 830404?
2, 53, 3917
What are the prime factors of 99752?
2, 37, 337
What are the prime factors of 749888?
2, 11717
List the prime factors of 233281.
263, 887
List the prime factors of 3198319.
3198319
What are the prime factors of 165700?
2, 5, 1657
What are the prime factors of 131195?
5, 19, 1381
List the prime factors of 560649.
3, 186883
What are the prime factors of 715943?
715943
What are the prime factors of 27292819?
27292819
What are the prime factors of 243105?
3, 5, 19, 853
List the prime factors of 3514367.
3514367
List the prime factors of 264104.
2, 33013
List the prime factors of 91303.
91303
What are the prime factors of 545500?
2, 5, 1091
List the prime factors of 12651249.
3, 13, 324391
List the prime factors of 24762867.
3, 2539, 3251
What are the prime factors of 95718?
2, 3, 7, 43, 53
What are the prime factors of 7255?
5, 1451
What are the prime factors of 5232297?
3, 7, 41, 59, 103
List the prime factors of 391581.
3, 14503
List the prime factors of 22458.
2, 3, 19, 197
List the prime factors of 1681018.
2, 149, 5641
List the prime factors of 4479215.
5, 13, 137, 503
What are the prime factors of 1009703?
53, 19051
What are the prime factors of 1064206?
2, 11, 13, 61
List the prime factors of 1528152.
2, 3, 41, 1553
List the prime factors of 285685.
5, 17, 3361
What are the prime factors of 27250754?
2, 73, 186649
List the prime factors of 1804.
2, 11, 41
What are the prime factors of 613796?
2, 153449
List the prime factors of 19326514.
2, 9663257
List the prime factors of 2753685.
3, 5, 11, 5563
What are the prime factors of 430605?
3, 5, 7, 1367
What are the prime factors of 583029?
3, 64781
List the prime factors of 1052379.
3, 38977
List the prime factors of 587807.
11, 53437
What are the prime factors of 29175?
3, 5, 389
What are the prime factors of 17716520?
2, 5, 59, 7507
List the prime factors of 9064866.
2, 3, 157, 9623
What are the prime factors of 9362343?
3, 97, 32173
List the prime factors of 803602.
2, 443, 907
List the prime factors of 137041.
43, 3187
List the prime factors of 131220.
2, 3, 5
List the prime factors of 31504616.
2, 11, 13, 27539
What are the prime factors of 2939679?
3, 108877
What are the prime factors of 7385660?
2, 5, 369283
What are the prime factors of 6576279?
3, 2192093
List the prime factors of 533653.
19, 28087
What are the prime factors of 220790?
2, 5, 22079
What are the prime factors of 290966?
2, 13, 19, 31
List the prime factors of 49398.
2, 3, 8233
List the prime factors of 892558.
2, 446279
What are the prime factors of 9497672?
2, 313, 3793
List the prime factors of 301286.
2, 199, 757
List the prime factors of 3269531.
3269531
What are the prime factors of 867649?
163, 5323
List the prime factors of 3169498.
2, 347, 4567
What are the prime factors of 2540539?
2540539
What are the prime factors of 814948?
2, 19, 10723
List the prime factors of 19849427.
13, 29, 37, 1423
What are the prime factors of 1383291?
3, 7, 13, 563
List the prime factors of 2006843.
37, 73, 743
What are the prime factors of 95195?
5, 79, 241
List the prime factors of 4968404.
2, 7, 25349
What are the prime factors of 678763?
678763
What are the prime factors of 4635319?
13, 356563
What are the prime factors of 450341?
29, 53, 293
What are the prime factors of 632024?
2, 199, 397
What are the prime factors of 3125172?
2, 3, 31, 271
What are the prime factors of 1299952?
2, 113, 719
List the prime factors of 26263.
26263
List the prime factors of 24356945.
5, 53, 107, 859
What are the prime factors of 256761?
3, 47, 607
List the prime factors of 228329.
41, 5569
List the prime factors of 5669772.
2, 3, 17, 27793
List the prime factors of 751611.
3, 7, 5113
What are the prime factors of 24532362?
2, 3, 454303
What are the prime factors of 13092943?
31, 422353
List the prime factors of 12928268.
2, 3232067
What are the prime factors of 4178509?
4178509
List the prime factors of 3251526.
2, 3, 89, 6089
What are the prime factors of 1062293?
1062293
What are the prime factors of 618498?
2, 3, 34361
What are the prime factors of 396473?
7, 11, 19, 271
What are the prime factors of 6095797?
6095797
What are the prime factors of 313908?
2, 3, 7, 37, 101
List the prime factors of 4257914.
2, 53, 40169
List the prime factors of 7565332.
2, 1891333
What are the prime factors of 1597088?
2, 29, 1721
List the prime factors of 4782652.
2, 7, 170809
List the prime factors of 7058690.
2, 5, 19, 97, 383
What are the prime factors of 275385?
3, 5, 11, 1669
What are the prime factors of 9393600?
2, 3, 5, 19, 103
List the prime factors of 439930.
2, 5, 29, 37, 41
What are the prime factors of 60424?
2, 7, 13, 83
List the prime factors of 13307827.
13, 37, 73, 379
List the prime factors of 117570.
2, 3, 5, 3919
What are the prime factors of 6629339?
439, 15101
List the prime factors of 1010552.
2, 59, 2141
What are the prime factors of 665289?
3, 29, 2549
What are the prime factors of 11749749?
3, 11, 79, 4507
List the prime factors of 14081885.
5, 2816377
What are the prime factors of 4395019?
1303, 3373
What are the prime factors of 7002904?
2, 875363
What are the prime factors of 6744628?
2, 11, 153287
What are the prime factors of 319478?
2, 159739
List the prime factors of 3790044.
2, 3, 19, 1847
List the prime factors of 626927.
7, 89561
List the prime factors of 456086.
2, 457, 499
What are the prime factors of 29641?
29641
List the prime factors of 128968.
2, 7, 47
What are the prime factors of 275507?
137, 2011
What are the prime factors of 3928899?
3, 13, 100741
What are the prime factors of 603700?
2, 5, 6037
List the prime factors of 16569426.
2, 3, 2761571
List the prime factors of 23854489.
23854489
List the prime factors of 195015.
3, 5, 13001
List the prime factors of 32613444.
2, 3, 53, 17093
What are the prime factors of 592171?
743, 797
List the prime factors of 2194611.
3, 211, 3467
What are the prime factors of 6669617?
6669617
What are the prime factors of 726249?
3, 242083
List the prime factors of 1899624.
2, 3, 79151
List the prime factors of 668443.
521, 1283
List the prime factors of 618714.
2, 3, 37, 929
What are the prime factors of 9405753?
3, 7, 447893
What are the prime factors of 14194?
2, 47, 151
List the prime factors of 497672.
2, 7, 8887
List the prime factors of 10079745.
3, 5, 13, 51691
List the prime factors of 135207.
3, 83, 181
List the prime factors of 32331.
3, 13, 829
What are the prime factors of 3879974?
2, 7, 191, 1451
What are the prime factors of 569925?
3, 5, 17, 149
What are the prime factors of 76288?
2, 149
What are the prime factors of 701862?
2, 3, 7, 17, 983
What are the prime factors of 18962368?
2, 296287
What are the prime factors of 593123?
19, 31, 53
List the prime factors of 9861133.
19, 281, 1847
List the prime factors of 1317665.
5, 263533
What are the prime factors of 2652685?
5, 7, 19, 3989
What are the prime factors of 3989921?
13, 23609
What are the prime factors of 47